4*k - 62. Suppose 5*n - k = 43. Suppose 0 = 11*y + 2*y - 1079. What is the remainder when y is divided by n?
11
Let v = 5713 - 5632. What is the remainder when 85 is divided by v?
4
Suppose -465*h = -466*h + 21. Let u = -16 + 18. Suppose 31 = 3*o - u. What is the remainder when h is divided by o?
10
Suppose -1855762 = -170*f + 873078. What is the remainder when f is divided by 46?
44
Suppose 10 = 2*q + 3*a - 3, 0 = -3*q - a + 16. Suppose -q*i = 3*i - i. Suppose i = 2*w - 33 - 25. What is the remainder when 84 is divided by w?
26
Suppose -n + 357 = 4*n + 4*b, -5*n = 2*b - 351. Let r = 18 - 15. Suppose 133 = 2*z + r*q - n, -2*q = z - 99. Calculate the remainder when z is divided by 22.
19
Let b = 63 + -69. Let r be 3/(b/(-70) - 0). What is the remainder when 41 is divided by -4*r/(-20)*3?
20
Let p(f) = 9*f - 12 + 3*f - 7. Let g(x) = x**2 - 9*x + 1. What is the remainder when p(5) is divided by g(10)?
8
Suppose -2*p - 5*u - 82 = -458, -5*p + u + 913 = 0. Let t = -47 + p. Calculate the remainder when t is divided by 23.
21
Let r(k) = -k**3 - 28*k**2 + 85*k - 133. Suppose 30 + 208 = 14*p. What is the remainder when r(-31) is divided by p?
13
Suppose -2*i + 15 - 11 = 0. Let l(t) = 70*t + 5. What is the remainder when l(i) is divided by 7?
5
Let k = -13729 - -13759. What is the remainder when 22/(-154) - (-2914)/14 is divided by k?
28
Suppose h = -5*l + 46, 0 = 3*h - 8*l + 4*l - 195. What is the remainder when 115 is divided by h?
54
Let p = -676 + 959. What is the remainder when p is divided by (-381)/(-8) - (513*(-9)/216 + 21)?
43
Suppose -5*y + 6*y + 13 = 5*l, 12 = -4*y. Suppose -6*m + 2*m + 272 = -4*n, 2*m + l*n - 148 = 0. What is the remainder when m is divided by 20?
11
Suppose -4*r - 2*f - 32 = -12, f - 20 = 4*r. Let k(d) = -38*d + 47. Calculate the remainder when k(r) is divided by 40.
37
Suppose 4*x - 419 = -s, 2*s = 5*s - 9. Let y = x - -1. Let p(w) = 5*w - 8. What is the remainder when y is divided by p(7)?
24
Suppose -3*m + 111 = 2*h, 9*h + 93 = 2*m + 4*h. Calculate the remainder when (-92 + -4)*(7 - (4 - -5)) is divided by m.
36
Let u be (-3 + 13)/(10/355). Suppose -27*p + u = -22*p. Calculate the remainder when p is divided by 15.
11
Let c = 13036 - 9364. Calculate the remainder when c is divided by 7.
4
Let c = -145 + 143. Calculate the remainder when (-3 - 1 - 162)*1/c is divided by 22.
17
Let d(m) = 8*m - 93. What is the remainder when d(39) is divided by 81?
57
Let x = -19 - -35. Calculate the remainder when (24966/(-1533))/(6*3/(-84)) is divided by x.
12
Let v = 4309 + -4298. Suppose -2*p + 4*t + 33 = 3, 5*t - 120 = -5*p. What is the remainder when p is divided by v?
10
Suppose -15*g + 14088 = -13*g - 4*d, 0 = -g - 2*d + 7028. What is the remainder when g is divided by 176?
172
Let k(t) be the second derivative of -t**3/6 - t**2/2 + 28*t. Let w be k(-16). Calculate the remainder when -48*(-5)/(50/w) is divided by 25.
22
Let o be (-2070)/900 + (-6)/(-20). Let g(k) = -2*k**3 - 2*k**2 - 6*k - 8. What is the remainder when (-6700)/(-28) - 4/14 is divided by g(o)?
11
Let s be ((-8)/12)/((-7)/(-84)). Calculate the remainder when 67 is divided by 6/16*52*s/(-6).
15
Suppose -59*y + 250 = -11*y - 182. Suppose -h - 10 = -5, -2*j + 4*h = -14. Let d = j - -6. What is the remainder when y is divided by d?
0
Suppose 121 = -4*q + 9. Let d = q + 40. Let x = -222398 - -222455. Calculate the remainder when x is divided by d.
9
Suppose 0 = 130*m - 96*m - 1938. Let r(j) = 2*j**2 + 2*j - 3. Calculate the remainder when m is divided by r(3).
15
Let k be (22/(-44))/((-3)/528). Suppose -250*t + 258*t - k = 0. What is the remainder when ((-32)/(-2))/((-2)/(-4)) is divided by t?
10
Suppose -10 = 2*h - 2*a, 3*h + a + 4 + 7 = 0. Let d = 43 - 8. Calculate the remainder when d is divided by (-24 - -6)/(3*h/6).
8
Suppose 6*g + 24 = 2*g + 3*m, -2*m - 6 = g. Let l(b) = b**3 + 5*b**2 - 7*b + 4. Let y be l(g). Calculate the remainder when 20 is divided by 26/y - 1*(-2)/5.
2
Suppose -76*m + 8127 = -13*m. What is the remainder when 151 is divided by m?
22
Suppose -4*r = 2*b - 108, 4*b = 8*r - 9*r + 237. Suppose 4*n - 1451 = 5*z, -4*z + 202 - 1650 = -4*n. Calculate the remainder when n is divided by b.
59
Suppose -22 + 74 = -13*a. Calculate the remainder when 43 is divided by 4*(92/a)/(1*-4).
20
Let z be -1 + ((-84)/18 - (-1)/(-3)). Let v be (-2)/z - 56/24. Let p(l) = -14*l - 1. Calculate the remainder when p(v) is divided by 4.
3
Let y = 269 - 265. Suppose -4*w - y*x + 127 = 23, 103 = 4*w + 5*x. What is the remainder when w is divided by 15?
12
Let f = -210 + 53. Let m = 225 + f. Let t = m - 40. Calculate the remainder when 108 is divided by t.
24
Let y = 258 + 34. Suppose y = -7*o + 1139. Calculate the remainder when o is divided by 43.
35
Let m be (1318/3)/((-20)/6 + 4). Suppose 0 = 5*w - 31 - m. What is the remainder when w is divided by (-8)/(-52) - (-1 + 698/(-26))?
26
Suppose -633 = -k + 4*j - 211, 0 = 4*k + j - 1671. Calculate the remainder when k is divided by 46.
4
Let k(p) = -p**3 + 5*p**2 - 17*p + 9. Let b be k(2). Calculate the remainder when 0 - (5 + b + -188) is divided by 71.
54
Let t(c) = -c + 6. Let z be (-28)/(-12) + (-7)/21. Calculate the remainder when 19/(2*1/z) is divided by t(-5).
8
Let r be 2/((-2)/19) - 0. Let m = r + 19. Suppose m = -2*x + 4, x = -2*f + 2*x + 32. Calculate the remainder when 63 is divided by f.
12
Let l(k) = 25*k + 243. Calculate the remainder when 1849 is divided by l(-9).
13
Let d be (-8)/(-16) - (-10)/4. Suppose 4*n - 42 = -2*i, -5*n + 8*n + 63 = d*i. What is the remainder when 63 is divided by i?
0
Suppose -q + 60 = 2*q. What is the remainder when 164*(15 + (-1243)/88)*(-34)/(-7) is divided by q?
17
Suppose -5*q + 2*q = -39. Let o(f) = 9*f + 4*f + 28*f - 10*f - 119. Calculate the remainder when o(5) is divided by q.
10
Suppose 15*o - 1045 - 200 = 0. Calculate the remainder when o is divided by 34.
15
Let r = 3699 - 3556. Calculate the remainder when r is divided by 74.
69
Suppose 3*j = 7075 - 2023. Calculate the remainder when j is divided by 73.
5
Suppose -27 - 32 = -4*q + 3*p, 0 = 2*p + 10. Suppose -29 + q = -m. What is the remainder when 4/18 - ((-1580)/m + 3) is divided by 29?
27
Calculate the remainder when 258 is divided by 98 + (-6)/(1*-12)*40/5.
54
Let z(t) = 40*t - 166. Let s(a) = 3*a**2 + 7*a - 5. Calculate the remainder when s(5) is divided by z(5).
3
Suppose -4*y = -5*i - 1569 + 2757, -y + 8 = 0. What is the remainder when 349 is divided by i?
105
Let p = -50 + 70. Let b(s) = -12*s + 63. Let i be b(5). Suppose q = -2*h - 0*q + 20, 4*q = -h + i. What is the remainder when p is divided by h?
9
Calculate the remainder when (-113)/(2 + (-24)/8) is divided by 2/13 - (-1503)/117.
9
Suppose 0 = -516*y - 79*y + 27*y + 1110440. What is the remainder when y is divided by 12?
11
Let a(n) = 23*n - 2. Let t be a(-4). Let b = -353 - -464. Let s = b + t. What is the remainder when 253 is divided by s?
15
Suppose 2*c - 132 = 4*l, 2*l + 4*c = -2*l - 132. Calculate the remainder when (-98)/(-6) + (-22)/l is divided by 9.
8
What is the remainder when 388 is divided by (2/22 - (-3549)/286)*2?
13
What is the remainder when 457 is divided by 232 + 7 + -2 - 16?
15
Let k be 21*(-1)/(-5 + 2). Let a(l) = -19*l + 150. Calculate the remainder when 198 is divided by a(k).
11
Let h(r) = r**3 - 14*r**2 + 15*r - 1. Let n(j) = -j**2 + 10*j + 13. Let z be n(10). Suppose -x - 136 = -143. Calculate the remainder when h(z) is divided by x.
4
Let n(w) = w**3 - 29*w**2 - 13*w - 383. What is the remainder when 402 is divided by n(30)?
21
Let u(t) = -t**3 + 13*t**2 + 13*t + 11. Suppose 12*q = 7*q + 70. Let f be u(q). Calculate the remainder when 41 is divided by 13 + (4 + f)/1.
13
Let d(i) = i - 5. Let s be d(8). Suppose s*y - 118 = 2*r, -34 = -y + r - 3*r. Suppose c + 5*c = 66. Calculate the remainder when y is divided by c.
5
Suppose -5*r - 447 = -2*b, -5*b + 3*r + 475 + 595 = 0. What is the remainder when b is divided by 150?
61
Let f = 387 + -573. Let y = f + 199. Calculate the remainder when y is divided by 8.
5
Suppose -4*o = -61 - 475. What is the remainder when o is divided by 5 - 110/(-30)*6?
26
Suppose -p + 166 = 3*o - 0*o, -3*p - o + 530 = 0. Suppose -198*w + 120 = -196*w. What is the remainder when p is divided by w?
58
Suppose -212*